{"id":2698,"date":"2025-10-07T03:53:23","date_gmt":"2025-10-07T09:53:23","guid":{"rendered":"https:\/\/usamericanvisa.com\/honduras\/?page_id=2698"},"modified":"2025-10-07T04:01:14","modified_gmt":"2025-10-07T10:01:14","slug":"politica-de-privacidad","status":"publish","type":"page","link":"https:\/\/usamericanvisa.com\/honduras\/politica-de-privacidad\/","title":{"rendered":"Pol\u00edtica de Privacidad"},"content":{"rendered":"\n<div class=\"wp-block-stackable-separator alignfull stk-block-separator stk--no-padding stk-block stk-7d05035\" data-block-id=\"7d05035\"><style>.stk-7d05035 svg{fill:var(--theme-palette-color-7, #FAFBFC) !important;filter:drop-shadow(0px 10px 60px #0000001a) !important;}.stk-7d05035 .stk-block-separator__inner{transform:scaleX(2) !important;}<\/style><div class=\"stk-block-separator__inner\"><svg xmlns=\"http:\/\/www.w3.org\/2000\/svg\" viewBox=\"0 0 1600 200\" class=\"stk-separator__layer-1\" preserveAspectRatio=\"none\" aria-hidden=\"true\"><path d=\"M1413.6 39.3c-157.9 0-338.2 37.7-495.1 67.4-215.6 40.8-328.1 44.6-418.2 41.1S317 127.3 188.4 98.7-10 64.5-10 64.5v150.2h1620V58.8s-68.8-19.5-196.4-19.5z\"><\/path><\/svg><\/div><\/div>\n\n\n\n<div class=\"wp-block-greenshift-blocks-row gspb_row gspb_row-id-gsbp-0d2bec3\" id=\"gspb_row-id-gsbp-0d2bec3\"><div class=\"gspb_row__content\"> \n<div class=\"wp-block-greenshift-blocks-row-column gspb_row__col--12 gspb_col-id-gsbp-5833d2a\" id=\"gspb_col-id-gsbp-5833d2a\">\n<p class=\"has-large-font-size\"><strong>POL\u00cdTICA DE PRIVACIDAD<\/strong><\/p>\n\n\n\n<h2 class=\"wp-block-heading\" id=\"1-introduccion\">1. INTRODUCCI\u00d3N<\/h2>\n\n\n\n<p>En <strong>US American Visa<\/strong> valoramos su confianza. Esta Pol\u00edtica de Privacidad explica c\u00f3mo recopilamos, usamos, protegemos y gestionamos la informaci\u00f3n personal que usted nos proporciona al utilizar nuestros servicios y sitio web.<\/p>\n\n\n\n<h2 class=\"wp-block-heading\" id=\"2-informacion-que-recopilamos\">2. INFORMACI\u00d3N QUE RECOPILAMOS<\/h2>\n\n\n\n<p>Podemos recopilar la siguiente informaci\u00f3n:<\/p>\n\n\n\n<ul class=\"wp-block-list\">\n<li><strong>Datos personales<\/strong>: nombre, correo electr\u00f3nico, n\u00famero de tel\u00e9fono, direcci\u00f3n, fecha de nacimiento, nacionalidad.<\/li>\n\n\n\n<li><strong>Datos sensibles<\/strong>: informaci\u00f3n personal, financiera y relacionada con solicitudes de visa.<\/li>\n\n\n\n<li><strong>Datos t\u00e9cnicos<\/strong>: direcci\u00f3n IP, navegador, cookies y patrones de navegaci\u00f3n en nuestro sitio web.<\/li>\n<\/ul>\n\n\n\n<h2 class=\"wp-block-heading\" id=\"3-uso-de-la-informacion\">3. USO DE LA INFORMACI\u00d3N<\/h2>\n\n\n\n<p>Utilizamos su informaci\u00f3n \u00fanicamente para:<\/p>\n\n\n\n<ul class=\"wp-block-list\">\n<li>Prestar y mejorar nuestros servicios.<\/li>\n\n\n\n<li>Procesar pagos y generar facturas.<\/li>\n\n\n\n<li>Programar citas y gestionar solicitudes.<\/li>\n\n\n\n<li>Comunicarnos con usted de forma segura.<\/li>\n\n\n\n<li>Cumplir con requisitos legales y de seguridad.<\/li>\n<\/ul>\n\n\n\n<h2 class=\"wp-block-heading\" id=\"4-cookies\">4. COOKIES<\/h2>\n\n\n\n<p>Nuestro sitio utiliza cookies para mejorar la experiencia del usuario, analizar tr\u00e1fico y personalizar contenido. Puede desactivarlas en la configuraci\u00f3n de su navegador, aunque algunas funciones podr\u00edan verse limitadas.<\/p>\n\n\n\n<h2 class=\"wp-block-heading\" id=\"5-comparticion-de-datos\">5. COMPARTICI\u00d3N DE DATOS<\/h2>\n\n\n\n<p>En <strong>US American Visa NO compartimos, vendemos ni alquilamos sus datos personales con terceros bajo ninguna circunstancia<\/strong>.<\/p>\n\n\n\n<p>\u00danicamente utilizamos proveedores tecnol\u00f3gicos indispensables (ejemplo: pasarelas de pago) que cumplen con estrictos est\u00e1ndares de seguridad, pero nunca cedemos informaci\u00f3n a terceros externos para fines comerciales o publicitarios.<\/p>\n\n\n\n<h2 class=\"wp-block-heading\" id=\"6-seguridad-de-la-informacion\">6. SEGURIDAD DE LA INFORMACI\u00d3N<\/h2>\n\n\n\n<p>Aplicamos medidas t\u00e9cnicas, administrativas y organizativas para proteger sus datos frente a accesos no autorizados, p\u00e9rdida, alteraci\u00f3n o divulgaci\u00f3n indebida.<\/p>\n\n\n\n<h2 class=\"wp-block-heading\" id=\"7-derechos-del-usuario\">7. DERECHOS DEL USUARIO<\/h2>\n\n\n\n<p>Usted tiene derecho a:<\/p>\n\n\n\n<ul class=\"wp-block-list\">\n<li>Acceder, rectificar o eliminar sus datos personales.<\/li>\n\n\n\n<li>Revocar su consentimiento en cualquier momento.<\/li>\n\n\n\n<li>Solicitar la portabilidad de sus datos.<\/li>\n<\/ul>\n\n\n\n<p>Para ejercer estos derechos puede escribirnos a: <strong><a href=\"mailto:sac@usamericanvisa.com\">sac@usamericanvisa.com<\/a><\/strong>.<\/p>\n\n\n\n<h2 class=\"wp-block-heading\" id=\"8-retencion-de-datos\">8. RETENCI\u00d3N DE DATOS<\/h2>\n\n\n\n<p>Conservamos su informaci\u00f3n \u00fanicamente durante el tiempo estrictamente necesario para cumplir con los fines descritos en esta Pol\u00edtica, salvo disposici\u00f3n legal en contrario.<\/p>\n\n\n\n<h2 class=\"wp-block-heading\" id=\"9-cambios-a-esta-politica\">9. CAMBIOS A ESTA POL\u00cdTICA<\/h2>\n\n\n\n<p>Nos reservamos el derecho de modificar esta Pol\u00edtica en cualquier momento. Las actualizaciones ser\u00e1n publicadas en nuestro sitio web con la fecha de la \u00faltima modificaci\u00f3n.<\/p>\n\n\n\n<h2 class=\"wp-block-heading\" id=\"10-contacto\">10. CONTACTO<\/h2>\n\n\n\n<p>Si tiene preguntas sobre nuestra Pol\u00edtica de Privacidad, puede comunicarse con nosotros en: <strong><a href=\"mailto:sac@usamericanvisa.com\">sac@usamericanvisa.com<\/a><\/strong>.ivamente en los tribunales competentes de <strong>San Pedro Sula, Departamento de Cort\u00e9s<\/strong>, salvo pacto escrito en contrario.<\/p>\n\n\n\n<hr class=\"wp-block-separator has-alpha-channel-opacity\"\/>\n\n\n\n<h2 class=\"wp-block-heading\" id=\"12-contacto\">12. Contacto<\/h2>\n\n\n\n<p>Para consultas sobre estos T\u00e9rminos o sobre nuestros Servicios, puede comunicarse con nosotros en:<\/p>\n\n\n\n<p>\ud83d\udce7 <strong>Correo:<\/strong> <a href=\"mailto:sac@usamericanvisa.com\">sac@usamericanvisa.com<\/a><\/p>\n\n\n\n<p>\ud83c\udf10 <strong>Web:<\/strong> <a href=\"https:\/\/www.usamericanvisa.com\/\">www.usamericanvisa.com<\/a><\/p>\n<\/div>\n <\/div><\/div>\n\n\n\n<section class=\"wp-block-greenshift-blocks-row alignfull gspb_row gspb_row-id-gsbp-cd0790b\" id=\"gspb_row-id-gsbp-cd0790b\"><div class=\"gspb_row__content\">  <\/div><div class=\"gspb_shape-divider-container gspb_shape-divider-container--bottom\"><svg data-style=\"25\" x=\"0px\" y=\"0px\" viewBox=\"0 0 1200 418\" preserveAspectRatio=\"none\" fill=\"var(--wp--preset--color--palette-color-3, var(--theme-palette-color-3, #34486E))\"><path class=\"gspb_st2 gspb_shape_2\" data-style=\"25\" d=\"M1.47792889e-12,296.788567 C80.6666667,248.745214 159.333333,224.723537 236,224.723537 C421,224.723537 525,308.759008 670,237.729027 C788.881547,179.493481 940.843675,-13.7136127 1200,1.78856686 C1200,27.1219002 1200,166.192378 1200,419 L1.82931448e-12,418.788567 L1.47792889e-12,296.788567 Z\"><\/path><path class=\"gspb_st1 gspb_shape_1\" data-style=\"25\" d=\"M9.09494702e-13,337.771254 C80.6666667,275.739443 159.333333,244.723537 236,244.723537 C421,244.723537 525,328.759008 670,257.729027 C788.990736,199.439994 940.758806,19.0693429 1200,39.7885669 C1200,64.4552335 1200,190.859045 1200,419 L1.87683202e-12,418.788567 L9.09494702e-13,337.771254 Z\"><\/path><path class=\"gspb_st0 gspb_shape_0\" data-style=\"25\" d=\"M1.13686838e-12,377.771254 C80.6666667,302.406109 159.333333,264.723537 236,264.723537 C421,264.723537 525,348.759008 670,277.729027 C789.052388,219.409793 940.512256,52.9826245 1200,78.7885669 C1200,114.1219 1200,227.525711 1200,419 L1.25010787e-12,418.788567 L1.13686838e-12,377.771254 Z\"><\/path><defs><linearGradient><stop><\/stop><stop><\/stop><\/linearGradient><linearGradient><stop><\/stop><stop><\/stop><\/linearGradient><linearGradient><stop><\/stop><stop><\/stop><\/linearGradient><\/defs><\/svg><\/div><\/section>\n","protected":false},"excerpt":{"rendered":"","protected":false},"author":1,"featured_media":0,"parent":0,"menu_order":0,"comment_status":"closed","ping_status":"closed","template":"","meta":{"_gspb_post_css":"#gspb_row-id-gsbp-0d2bec3,#gspb_row-id-gsbp-cd0790b{justify-content:space-between;margin-top:0;margin-bottom:0;display:flex;flex-wrap:wrap}#gspb_row-id-gsbp-0d2bec3>.gspb_row__content{display:flex;justify-content:space-between;margin:0 auto;width:100%;flex-wrap:wrap}.gspb_row{position:relative}div[id^=gspb_col-id]{box-sizing:border-box;position:relative;padding:var(--gs-row-column-padding, 15px min(3vw, 20px))}#gspb_col-id-gsbp-5833d2a.gspb_row__col--12,#gspb_row-id-gsbp-cd0790b .gspb_shape-divider-container svg{width:100%}@media (max-width:575.98px){#gspb_col-id-gsbp-5833d2a.gspb_row__col--12{width:100%}}#gspb_row-id-gsbp-cd0790b>.gspb_row__content{display:flex;justify-content:space-between;margin:0 auto;width:100%;flex-wrap:wrap}#gspb_row-id-gsbp-cd0790b{min-height:300px}@media (max-width:575.98px){#gspb_row-id-gsbp-cd0790b{min-height:400px}}body.gspb-bodyfront #gspb_row-id-gsbp-0d2bec3>.gspb_row__content,body.gspb-bodyfront #gspb_row-id-gsbp-cd0790b>.gspb_row__content{width:var(--theme-container-width, 1200px);max-width:var(--theme-normal-container-max-width, 1200px)}#gspb_row-id-gsbp-cd0790b .gspb_shape-divider-container{overflow:hidden;position:absolute;left:0;z-index:-1;width:100%;line-height:0;pointer-events:none}#gspb_row-id-gsbp-cd0790b .gspb_shape-divider-container--bottom{bottom:0}#gspb_row-id-gsbp-cd0790b .gspb_shape-divider-container--bottom svg .gspb_st1,#gspb_row-id-gsbp-cd0790b .gspb_shape-divider-container--bottom svg .gspb_st2{opacity:.5}#gspb_row-id-gsbp-cd0790b .gspb_shape-divider-container--bottom svg .gspb_st0{opacity:1}#gspb_row-id-gsbp-cd0790b .gspb_shape-divider-container--bottom svg{transform:rotateY(180deg);height:150px}#gspb_row-id-gsbp-cd0790b{isolation:isolate}","footnotes":""},"class_list":["post-2698","page","type-page","status-publish","hentry"],"blocksy_meta":{"has_hero_section":"disabled","styles_descriptor":{"styles":{"desktop":"","tablet":"","mobile":""},"google_fonts":[],"version":6}},"_hostinger_reach_plugin_has_subscription_block":false,"_hostinger_reach_plugin_is_elementor":false,"_links":{"self":[{"href":"https:\/\/usamericanvisa.com\/honduras\/wp-json\/wp\/v2\/pages\/2698","targetHints":{"allow":["GET"]}}],"collection":[{"href":"https:\/\/usamericanvisa.com\/honduras\/wp-json\/wp\/v2\/pages"}],"about":[{"href":"https:\/\/usamericanvisa.com\/honduras\/wp-json\/wp\/v2\/types\/page"}],"author":[{"embeddable":true,"href":"https:\/\/usamericanvisa.com\/honduras\/wp-json\/wp\/v2\/users\/1"}],"replies":[{"embeddable":true,"href":"https:\/\/usamericanvisa.com\/honduras\/wp-json\/wp\/v2\/comments?post=2698"}],"version-history":[{"count":4,"href":"https:\/\/usamericanvisa.com\/honduras\/wp-json\/wp\/v2\/pages\/2698\/revisions"}],"predecessor-version":[{"id":2707,"href":"https:\/\/usamericanvisa.com\/honduras\/wp-json\/wp\/v2\/pages\/2698\/revisions\/2707"}],"wp:attachment":[{"href":"https:\/\/usamericanvisa.com\/honduras\/wp-json\/wp\/v2\/media?parent=2698"}],"curies":[{"name":"wp","href":"https:\/\/api.w.org\/{rel}","templated":true}]}}